{"id":13,"date":"2023-08-23T13:41:27","date_gmt":"2023-08-23T11:41:27","guid":{"rendered":"https:\/\/familyparks.cz\/?page_id=13"},"modified":"2024-10-04T15:31:00","modified_gmt":"2024-10-04T13:31:00","slug":"homepage","status":"publish","type":"page","link":"https:\/\/familyparks.cz\/","title":{"rendered":"Homepage"},"content":{"rendered":"<section class=\"bde-section-13-100 bde-section\">\n  \n  \n\t\n\n\n\n<div class=\"section-container\"><div class=\"bde-image-13-101 bde-image\">\n<figure class=\"breakdance-image breakdance-image--26\">\n\t<div class=\"breakdance-image-container\">\n\t\t<div class=\"breakdance-image-clip\"><img loading=\"lazy\" decoding=\"async\" class=\"breakdance-image-object\" src=\"https:\/\/familyparks.cz\/wp-content\/uploads\/2023\/08\/familyparks.jpg\" width=\"1537\" height=\"716\" srcset=\"https:\/\/familyparks.cz\/wp-content\/uploads\/2023\/08\/familyparks.jpg 1537w, https:\/\/familyparks.cz\/wp-content\/uploads\/2023\/08\/familyparks-300x140.jpg 300w, https:\/\/familyparks.cz\/wp-content\/uploads\/2023\/08\/familyparks-1024x477.jpg 1024w, https:\/\/familyparks.cz\/wp-content\/uploads\/2023\/08\/familyparks-768x358.jpg 768w\" sizes=\"auto, (max-width: 1537px) 100vw, 1537px\"><\/div>\n\t<\/div><\/figure>\n\n<\/div><div class=\"bde-columns-13-107 bde-columns\"><div class=\"bde-column-13-108 bde-column\">\n  \n  \n\t\n\n\n\n\n<\/div><div class=\"bde-column-13-112 bde-column\">\n  \n  \n\t\n\n\n\n<div class=\"bde-rich-text-13-114 bde-rich-text breakdance-rich-text-styles\">\n<p>konzultace &nbsp;&nbsp;<span style=\"color:#ff0000;\">|<\/span>&nbsp;&nbsp; stavba &nbsp;&nbsp;<span style=\"color:#ff0000;\">|<\/span>&nbsp;&nbsp; revize &nbsp;&nbsp;<span style=\"color:#ff0000;\">|<\/span>&nbsp;&nbsp; servis<\/p>\n<\/div><div class=\"bde-rich-text-13-115 bde-rich-text breakdance-rich-text-styles\">\n<p>d\u011btsk\u00fdch h\u0159i\u0161\u0165 a z\u00e1bavn\u00edch are\u00e1l\u016f<\/p>\n<\/div>\n<\/div><div class=\"bde-column-13-113 bde-column\">\n  \n  \n\t\n\n\n\n\n<\/div><\/div><div class=\"bde-columns-13-102 bde-columns\"><div class=\"bde-column-13-103 bde-column\">\n  \n  \n\t\n\n\n\n\n<\/div><div class=\"bde-column-13-104 bde-column\">\n  \n  \n\t\n\n\n\n<div class=\"bde-image-13-106 bde-image\">\n<figure class=\"breakdance-image breakdance-image--15\">\n\t<div class=\"breakdance-image-container\">\n\t\t<div class=\"breakdance-image-clip\"><img loading=\"lazy\" decoding=\"async\" class=\"breakdance-image-object\" src=\"https:\/\/familyparks.cz\/wp-content\/uploads\/2023\/08\/familyparks-logo.png\" width=\"397\" height=\"165\" srcset=\"https:\/\/familyparks.cz\/wp-content\/uploads\/2023\/08\/familyparks-logo.png 397w, https:\/\/familyparks.cz\/wp-content\/uploads\/2023\/08\/familyparks-logo-300x125.png 300w\" sizes=\"auto, (max-width: 397px) 100vw, 397px\"><\/div>\n\t<\/div><\/figure>\n\n<\/div>\n<\/div><div class=\"bde-column-13-124 bde-column\">\n  \n  \n\t\n\n\n\n<div class=\"bde-text-13-105 bde-text\">\nsedlacek@familyparks.cz\n<\/div><div class=\"bde-text-13-126 bde-text\">\n+420 737 268 810\n<\/div><div class=\"bde-rich-text-13-127 bde-rich-text breakdance-rich-text-styles\">\nFamily parks s.r.o. <br>\n\u017divotsk\u00e9ho 4453\/15, \u017didenice, 618 00 Brno <br>\nI\u010cO: 05704391 DI\u010c: CZ05704391\n<\/div><div class=\"bde-text-13-128 bde-text\">\nwww.familyparks.cz\n<\/div>\n<\/div><div class=\"bde-column-13-125 bde-column\">\n  \n  \n\t\n\n\n\n\n<\/div><\/div><div class=\"bde-columns-13-129 bde-columns\"><div class=\"bde-column-13-130 bde-column\">\n  \n  \n\t\n\n\n\n<div class=\"bde-notification-bar-13-132 bde-notification-bar\">\n<div class=\"notification-bar-type-warning notification-bar-style-style1\">\n\n            <div class=\"ee-alertbox-icon\"><svg xmlns=\"http:\/\/www.w3.org\/2000\/svg\" viewBox=\"0 0 384 512\"><!-- Font Awesome Free 5.15.1 by @fontawesome - https:\/\/fontawesome.com License - https:\/\/fontawesome.com\/license\/free (Icons: CC BY 4.0, Fonts: SIL OFL 1.1, Code: MIT License) --><path d=\"M181.9 256.1c-5-16-4.9-46.9-2-46.9 8.4 0 7.6 36.9 2 46.9zm-1.7 47.2c-7.7 20.2-17.3 43.3-28.4 62.7 18.3-7 39-17.2 62.9-21.9-12.7-9.6-24.9-23.4-34.5-40.8zM86.1 428.1c0 .8 13.2-5.4 34.9-40.2-6.7 6.3-29.1 24.5-34.9 40.2zM248 160h136v328c0 13.3-10.7 24-24 24H24c-13.3 0-24-10.7-24-24V24C0 10.7 10.7 0 24 0h200v136c0 13.2 10.8 24 24 24zm-8 171.8c-20-12.2-33.3-29-42.7-53.8 4.5-18.5 11.6-46.6 6.2-64.2-4.7-29.4-42.4-26.5-47.8-6.8-5 18.3-.4 44.1 8.1 77-11.6 27.6-28.7 64.6-40.8 85.8-.1 0-.1.1-.2.1-27.1 13.9-73.6 44.5-54.5 68 5.6 6.9 16 10 21.5 10 17.9 0 35.7-18 61.1-61.8 25.8-8.5 54.1-19.1 79-23.2 21.7 11.8 47.1 19.5 64 19.5 29.2 0 31.2-32 19.7-43.4-13.9-13.6-54.3-9.7-73.6-7.2zM377 105L279 7c-4.5-4.5-10.6-7-17-7h-6v128h128v-6.1c0-6.3-2.5-12.4-7-16.9zm-74.1 255.3c4.1-2.7-2.5-11.9-42.8-9 37.1 15.8 42.8 9 42.8 9z\"\/><\/svg><\/div>\n    \n    <div class=\"ee-alertbox-content\">\n                      \t\t<div class=\"ee-alertbox-desc\" >\n            \tUpozorn\u011bn\u00ed pro v\u011b\u0159itele, zam\u011bstnance a spole\u010dn\u00edky spole\u010dnost\u00ed Family parks, s. r. o., a Polygon Constructions, s. r. o., na jejich pr\u00e1va v souvislosti s p\u0159em\u011bnou ve form\u011b f\u00faze slou\u010den\u00edm. \n      \t\t<\/div>\n                            <div class=\"ee-alertbox-link\">\n                      \n            \n            \n\n    \n    \n    \n    \n    \n    <a class=\"breakdance-link\" href=\"https:\/\/familyparks.cz\/wp-content\/uploads\/2024\/09\/upozorneni-pro-veritele-spolecniky-a-zamestnance.pdf\" target=\"_blank\" data-type=\"url\"  >\n\n                St\u00e1hnout dokument\n                  <\/a>\n\n      \t\t<\/div>\n            <\/div>\n\n            <button type=\"button\" class=\"ee-alertbox-close\">\n        <span aria-hidden=\"true\">\u00d7<\/span>\n        <\/button>\n    \n<\/div>\n<\/div>\n<\/div><\/div><\/div>\n<\/section>","protected":false},"excerpt":{"rendered":"<p>konzultace &nbsp;&nbsp;|&nbsp;&nbsp; stavba &nbsp;&nbsp;|&nbsp;&nbsp; revize &nbsp;&nbsp;|&nbsp;&nbsp; servis d\u011btsk\u00fdch h\u0159i\u0161\u0165 a z\u00e1bavn\u00edch are\u00e1l\u016f sedlacek@familyparks.cz +420 737 268 810 Family parks s.r.o. \u017divotsk\u00e9ho 4453\/15, \u017didenice, 618 00 Brno I\u010cO: 05704391 DI\u010c: CZ05704391 www.familyparks.cz Upozorn\u011bn\u00ed pro v\u011b\u0159itele, zam\u011bstnance a spole\u010dn\u00edky spole\u010dnost\u00ed Family parks, s. r. o., a Polygon Constructions, s. r. o., na jejich pr\u00e1va v souvislosti s [&hellip;]<\/p>\n","protected":false},"author":1,"featured_media":0,"parent":0,"menu_order":0,"comment_status":"closed","ping_status":"closed","template":"","meta":{"_breakdance_hide_in_design_set":false,"_breakdance_tags":"","footnotes":""},"class_list":["post-13","page","type-page","status-publish","hentry"],"_links":{"self":[{"href":"https:\/\/familyparks.cz\/index.php\/wp-json\/wp\/v2\/pages\/13","targetHints":{"allow":["GET"]}}],"collection":[{"href":"https:\/\/familyparks.cz\/index.php\/wp-json\/wp\/v2\/pages"}],"about":[{"href":"https:\/\/familyparks.cz\/index.php\/wp-json\/wp\/v2\/types\/page"}],"author":[{"embeddable":true,"href":"https:\/\/familyparks.cz\/index.php\/wp-json\/wp\/v2\/users\/1"}],"replies":[{"embeddable":true,"href":"https:\/\/familyparks.cz\/index.php\/wp-json\/wp\/v2\/comments?post=13"}],"version-history":[{"count":14,"href":"https:\/\/familyparks.cz\/index.php\/wp-json\/wp\/v2\/pages\/13\/revisions"}],"predecessor-version":[{"id":38,"href":"https:\/\/familyparks.cz\/index.php\/wp-json\/wp\/v2\/pages\/13\/revisions\/38"}],"wp:attachment":[{"href":"https:\/\/familyparks.cz\/index.php\/wp-json\/wp\/v2\/media?parent=13"}],"curies":[{"name":"wp","href":"https:\/\/api.w.org\/{rel}","templated":true}]}}